at is 10111110000110001110 (base 2) in base 11?
492003
-3a07938 (base 12) to base 10
-11459708
Convert 6619808 (base 10) to base 15.
8ab658
What is 22002202202020 (base 3) in base 2?
10000011011010001100100
12011101 (base 3) to base 7
13654
165528 (base 10) to base 12
7b960
-4355614 (base 7) to base 9
-1004841
Convert -3164907 (base 10) to base 3.
-12221210102210
What is 8d759 (base 14) in base 5?
42010301
Convert 458427 (base 9) to base 8.
1031356
What is -b44c76 (base 13) in base 4?
-100003223210
Convert 54a477 (base 13) to base 8.
7465355
-1010001000100101 (base 2) to base 8
-121045
38031 (base 11) to base 16
d54d
1202232003 (base 4) to base 6
12400003
Convert 1a0083 (base 14) to base 8.
3410763
Convert -7117 (base 15) to base 14.
-89b2
168012 (base 9) to base 4
121131002
b27a1 (base 12) to base 4
320303221
What is -646113 (base 7) in base 16?
-1b7b3
What is -101100001100110111 (base 2) in base 14?
-49d9d
1333010231 (base 4) to base 3
222102222112
56069 (base 14) to base 6
4245525
What is 11011101100001000100100 (base 2) in base 9?
14583007
Convert 3855428 (base 9) to base 16.
2018db
Convert -97688 (base 12) to base 13.
-6cb78
Convert 62120316 (base 7) to base 8.
23650765
Convert 135624316 (base 7) to base 11.
504a976
What is 24511515 (base 6) in base 16?
c0287
1221101011221 (base 3) to base 8
3735433
21020042 (base 5) to base 2
101010010001011011
-35a4d5 (base 14) to base 4
-12333233223
What is 100001100011001111011 (base 2) in base 4?
10030121323
11010010101001001100101 (base 2) to base 16
695265
What is 104531013 (base 6) in base 15?
27aa73
33901 (base 13) to base 3
11202122221
Convert 412004 (base 8) to base 12.
66998
Convert 1350452 (base 6) to base 10.
76640
11351544 (base 6) to base 2
1010111000111011000
Convert -71dba1 (base 15) to base 6.
-312003011
What is c8855 (base 16) in base 7?
6660362
What is -6469004 (base 10) in base 16?
-62b58c
Convert -2775833 (base 12) to base 15.
-a56750
6a898 (base 16) to base 5
102431001
What is -100000000010011 (base 2) in base 7?
-65552
-212322102 (base 5) to base 3
-1200210122220
Convert -100111101011100111001 (base 2) to base 14.
-25bc13
Convert -27057223 (base 8) to base 3.
-102101112212120
Convert 209a26 (base 12) to base 8.
1755176
-23051541 (base 7) to base 14
-3a5691
Convert -24044464 (base 7) to base 2.
-1000000111110000000100
-54323135 (base 6) to base 7
-16465265
-11333444 (base 5) to base 14
-2a639
-913297 (base 14) to base 15
-668294
-12012022101 (base 3) to base 2
-11000111110001110
What is 10103722 (base 8) in base 10?
2131922
222421244 (base 5) to base 4
3233322223
Convert -fedb9 (base 16) to base 7.
-11605301
-44300764 (base 8) to base 2
-100100011000000111110100
Convert 147951 (base 14) to base 3.
1100012102001
Convert 114552 (base 8) to base 14.
10454
Convert 595c2 (base 16) to base 9.
617066
1604360 (base 9) to base 10
888948
627199 (base 11) to base 16
f564e
1001155304 (base 6) to base 2
100110101011100010011000
What is -3579bb7 (base 13) in base 16?
-fcaa09
Convert 100010100 (base 4) to base 12.
32100
6072637 (base 8) to base 7
16424253
Convert -652632 (base 7) to base 13.
-3ca89
What is -41103310 (base 5) in base 7?
-2551033
What is 21054203 (base 6) in base 15?
c1d9c
What is 11354545 (base 10) in base 11?
6455924
What is 382a859 (base 11) in base 4?
121112232323
What is 7644762 (base 9) in base 8?
17517744
Convert -3725176 (base 8) to base 13.
-29c40b
Convert -1401044003 (base 5) to base 2.
-1101011110110110101101
3d2931 (base 15) to base 7
34014133
e5442 (base 16) to base 2
11100101010001000010
What is 278337 (base 12) in base 3?
1020101101121
12251414 (base 6) to base 16
60982
What is 185143 (base 9) in base 12?
56886
Convert 2691b (base 14) to base 4.
113031231
-1010101111000111 (base 2) to base 12
-21547
What is b094b0 (base 14) in base 9?
12155426
52065662 (base 7) to base 12
1568768
What is 121131122 (base 4) in base 7?
613013
What is 2927445 (base 11) in base 5?
2242003323
What is -200031240 (base 5) in base 16?
-bf3d8
Convert -127487 (base 9) to base 7.
-442315
-196a6 (base 12) to base 11
-2600a
Convert -213883 (base 9) to base 13.
-460b0
What is -101011101010110011 (base 2) in base 15?
-37ee7
What is -70244 (base 11) in base 7?
-605433
11a674 (base 16) to base 9
2152648
What is 100010010101011111001 (base 2) in base 14?
214053
What is -3024021 (base 5) in base 8?
-136774
Convert 8c8a63 (base 13) to base 9.
6238202
Convert -21acb8 (base 15) to base 8.
-6100556
What is -11013210 (base 5) in base 11?
-65257
977893 (base 11) to base 15
20cda8
Convert -200301011 (base 6) to base 5.
-1331222113
What is -11120111102 (base 3) in base 2?
-10101111110101101
Convert 23ddd1 (base 14) to base 11.
76a655
Convert -92190 (base 10) to base 7.
-532530
b78b0 (base 14) to base 2
1101100010001110010
3f93f (base 16) to base 11
168721
-101012022202 (base 3) to base 16
-31007
Convert -b5c8 (base 14) to base 15.
-9445
202521 (base 9) to base 3
20002120201
Convert -10101002022 (base 4) to base 9.
-2084066
What is bd0c13 (base 15) in base 16?
898ad0
Convert -11121111001 (base 3) to base 10.
-90748
Convert -61805c (base 13) to base 5.
-1040231342
-7c8ce (base 15) to base 9
-664355
-6250365 (base 7) to base 2
-10110111100001011011
-4b5bb2 (base 16) to base 12
-17a2042
2423340 (base 6) to base 13
4621b
What is 1c0d0 (base 15) in base 8?
262270
What is -212301034 (base 5) in base 16?
-dbc30
-43235154 (base 6) to base 5
-311432202
Convert -313234312 (base 5) to base 7.
-14045235
What is 2311132 (base 5) in base 16?
a1c9
-570d7 (base 15) to base 10
-276952
823945 (base 10) to base 9
1485214
Convert -3420554 (base 9) to base 6.
-103305251
Convert 12222000110 (base 3) to base 13.
41574
-1011011110010010101111 (base 2) to base 12
-1010667
Convert 4457f4 (base 16) to base 8.
21053764
-3055256 (base 7) to base 9
-618142
8828 (base 11) to base 13
53bb
Convert 100120332 (base 6) to base 9.
3155352
Convert 2642572 (base 9) to base 6.
50551232
27215b (base 15) to base 11
1074680
What is -2111010012120 (base 3) in base 15?
-1b1683
-5614a0 (base 11) to base 2
-11011010100000110010
-2122114 (base 7) to base 15
-5151d
-122100111 (base 3) to base 13
-59b0
1b895 (base 14) to base 9
116380
What is 5315 (base 13) in base 14?
42a2
What is -1161953 (base 12) in base 14?
-637499
212012320021 (base 4) to base 16
986e09
-141f1e (base 16) to base 7
-14131365
Convert -105116 (base 8) to base 16.
-8a4e
-10110000011000010 (base 2) to base 14
-24ca6
What is -1110651 (base 8) in base 12?
-125349
What is -97274 (base 10) in base 13?
-35378
What is 3227a40 (base 11) in base 9?
11611785
-21643304 (base 7) to base 3
-10112022212212
Convert 11231555 (base 6) to base 16.
5495f
What is -12048b (base 12) in base 13?
-a25a8
1832a (base 14) to base 13
219bb
What is -a38f5 (base 16) in base 11?
-418378
131332331 (base 5) to base 6
21551304
Convert -4154 (base 10) to base 16.
-103a
What is 1336110 (base 8) in base 10?
375880
-3629a8 (base 11) to base 13
-171878
What is -1c1aa8 (base 14) in base 3?
-1212222202220
Convert 17880 (base 16) to base 9.
156183
What is -aa636 (base 13) in base 14?
-80699
What is -10c053 (base 15) in base 5?
-201044303
Convert -3887668 (base 9) to base 4.
-20012300312
What is -b9163 (base 13) in base 14?
-89b10
Convert 10669 (base 14) to base 2.
1001101100000101
-100000000010001000111 (base 2) to base 3
-1222022212201
What is -2456652 (base 7) in base 10?
-316920
-289cdd (base 14) to base 16
-1584ab
What is -100111000111011 (base 2) in base 7?
-112250
Convert 1957954 (base 10) to base 6.
105544334
Convert 14114044 (base 6) to base 7.
4023166
122010022 (base 3) to base 10
12482
110001202201 (base 3) to base 9
401681
2acc4 (base 14) to base 10
106796
110110010101100001001 (base 2) to base 6
102055001
What is 1012001002002 (base 3) in base 6?
21303345
What is -ca13c3 (base 14) in base 5?
-3222412201
What is 203011000 (base 4) in base 3?
21022002111
Convert 1b41bb6 (base 12) to base 10.
5809530
What is 210121112202110 (base 3) in base 6?
1050103403
Convert 612544 (base 8) to base 16.
31564
What is -41aa8 (base 13) in base 11?
-80948
Convert -1433320213 (base 5) to base 8.
-16414506
Convert -16ade (base 16) to base 4.
-112223132
-1343220 (base 7) to base 3
-100002021210
Convert 469304 (base 12) to base 3.
20102002